et a = -19 - -49. Let r = a - 27. What is the tens digit of 2/r - 2717/(-33)?
8
Let b(h) = -h**3 + 7*h**2 - 6*h + 4. Let z be b(6). Suppose z*m + 52 = 612. Suppose o - 47 = d - 2, -m = -3*o + 4*d. What is the units digit of o?
0
Suppose 3*d + 3*h - 96 = 0, -36*d - 81 = -39*d + 2*h. Suppose -5211 = -5*m + 3*f, -d = -4*f - 17. What is the units digit of m?
4
Let n(u) = 559*u**3 - 3*u**2 + 22*u - 44. What is the tens digit of n(3)?
8
Let r be 3*246/(-72) - (-1)/4. Let o = r - -15. Suppose v + 73 = 2*v - o*s, 4*s = -v + 73. What is the tens digit of v?
7
Let n be (-165)/(-6) - 2/(4/3). Suppose -2*s = -n - 8. Suppose -23*q + s*q + 948 = 0. What is the hundreds digit of q?
1
Let s be (144/30 - 5) + 586/5. Let j = s - 57. Let r = 66 - j. What is the units digit of r?
6
Let c(g) = -2*g**3 + 10*g**2 - 11*g + 2. Let y be c(3). Suppose -2*r + 1424 = y*l, 0*r + r - 711 = -2*l. What is the units digit of r?
7
Let a(r) = r**3 - 20*r**2 - 20*r - 13. Let f be a(21). Suppose 4*g - 64 = -f. What is the tens digit of g?
1
Let t(w) = w**3 - 8*w**2 + 7*w + 9. Let l be t(7). Let m be 67/4*36/l. Let f = m + -30. What is the units digit of f?
7
Let o be (-1)/(-15)*3 - 131/5. Let s(f) = -51*f - 100. What is the units digit of s(o)?
6
Suppose 11*h - 15*h + 116 = 0. Let g = 30 - h. What is the units digit of 1 + 0 + (g - 0) + 54?
6
Suppose 4*x - 12 = 0, 33*c + 2*x + 33994 = 37*c. What is the units digit of c?
0
Let o(n) = 3177*n**2 - 27*n - 128. What is the units digit of o(-5)?
2
Let y(f) = -f**3 + 38*f**2 - 71*f - 66. Let g be y(35). Let l = -516 + g. What is the hundreds digit of l?
6
Suppose 0 = 4*t - 130 - 30. Suppose 36*r = t*r - 1512. Suppose 0 = -4*l + 11*l - r. What is the units digit of l?
4
Suppose 49*d - 271432 = 21*d. What is the units digit of d?
4
What is the thousands digit of -4 + (-1232144)/(-96) + (-3)/(-18)?
2
Let c(u) = 6*u - 24. Suppose 11*g = 16*g - 20. Let h be c(g). Suppose m + 4*m - 230 = h. What is the units digit of m?
6
Let t be (-210)/(-49) - (5/(-7) - -1). Let u be (-42)/t*(11 + (0 - 5)). Let p = u + 84. What is the units digit of p?
1
Suppose 14*t - 8758 - 36476 = 0. Let c = -2252 + t. What is the tens digit of c?
7
Suppose 15*f - 104 = 28*f. What is the thousands digit of (10 + -114)*(-94)/f*-1?
1
What is the units digit of 6579 - (260/(-104))/(1/4)?
9
Let a be 24/(-6) - (-14)/2. What is the tens digit of ((-5)/a + 1)/((-18)/13176)?
8
Suppose -19*o - 3246150 = -209*o. What is the tens digit of o?
8
Let u = 347 + -342. Suppose -s + u*i = -121, -182 = 5*s - 7*s - 2*i. What is the units digit of s?
6
Let d(h) = 9*h**3 - 4*h**2 + 64*h + 38. What is the hundreds digit of d(7)?
3
Let s = 583 - 378. Let w = s + 91. What is the hundreds digit of w?
2
Let z(p) = 422*p**2 + 74*p + 601. What is the tens digit of z(-7)?
6
Let c = -4252 + 5749. What is the thousands digit of c?
1
Suppose -51*k - 15 = -56*k. Suppose 4*d - 3*d + 79 = f, 2*f - k*d = 154. Let w = -46 + f. What is the units digit of w?
7
Let l(a) = 6*a**2 + 25*a**2 - 7*a + 2 + 8. Let m be (2/4)/((-46)/8 - (-60)/10). What is the tens digit of l(m)?
2
Let d = -4345 - -11905. Suppose 0*y + d = 20*y. What is the units digit of y?
8
Let b be (-30)/(-12) + 47/(-2). Let x = 140 + b. What is the tens digit of x?
1
Suppose 48*z - 10*z - 4*z = 302702. What is the units digit of z?
3
Let a(r) = -r**2 + 16*r + 1. Let p = -73 - -76. Suppose 4*q - 4*w - 20 = 0, q - p*w - 2 = -1. What is the tens digit of a(q)?
6
What is the hundreds digit of (-3*60)/15 - -1858?
8
Suppose 3*t - 40 + 16 = 0. Suppose -12 = -2*p - t. Suppose p = 2*m - 150. What is the units digit of m?
6
Suppose 13*q = 10*q - c + 1, -3*c + 3 = 4*q. Suppose q = -7*i + 1287 + 1065. What is the hundreds digit of i?
3
Let t = 217 - 217. Suppose 5*u = -4*j + 3265, -3*j - 3265 = -5*u - t*j. What is the hundreds digit of u?
6
Let f(h) = h**3 - 18*h**2 + 89*h - 104. What is the units digit of f(18)?
8
Let x = 4936 - 4930. Suppose -w = w - 10. Suppose -w*b - x*v = -2*v - 744, -3*v = 3*b - 444. What is the hundreds digit of b?
1
Let a(h) = 1756*h - 250. Let r(p) = 586*p - 83. Let n(t) = 5*a(t) - 16*r(t). What is the hundreds digit of n(-2)?
2
Suppose -8*x = -29*x - 735. Let c(k) = -k**3 - 36*k**2 - 47*k - 3. What is the tens digit of c(x)?
1
What is the units digit of ((-125220)/(-9))/(-5)*10/((-20)/3)?
4
Let c(g) = -264*g - 2*g**2 + 15 + 130*g + 171*g. Let h be (32/(-6))/((-3)/9). What is the tens digit of c(h)?
9
Let c = 823 - 1249. Let x = 371 - c. What is the tens digit of x?
9
Let j(k) = -k**3 + 64*k**2 - 75*k + 67. What is the ten thousands digit of j(31)?
2
Suppose 0 = 2*k - 0*k + 76*k - 2579616. What is the ten thousands digit of k?
3
What is the thousands digit of ((-2397)/6)/(5*11/(-1540))?
1
Let h = -193 - -817. What is the hundreds digit of h?
6
Let q(f) = 9*f**3 + 8*f**2 + 17*f + 17. Let g(s) = 16*s**3 + 17*s**2 + 33*s + 33. Let b(x) = -4*g(x) + 7*q(x). What is the units digit of b(-13)?
5
Suppose -3*v - 1 = k - 0*v, 2*v = -4. Suppose k*q - 42 = -q. Let l(f) = f**2 + 3*f - 14. What is the tens digit of l(q)?
5
Let m be -1 + 5 + 20/(-10). Suppose -n + 2*x - 2 = 2*n, -n - m*x = -2. Suppose n = -3*b + v + 41, 4*b + 7*v - 59 = 4*v. What is the tens digit of b?
1
Let n = -46668 + 70532. What is the thousands digit of n?
3
Let f(v) = -3*v**2 + 117 - 55 - 60 - 49*v. What is the tens digit of f(-16)?
1
Suppose 4940 = z - 4*k, z - k + 4*k = 4933. What is the tens digit of z?
3
Let q be (-12)/20 - 9/(-15). Suppose 6*a - 62 = 4*a + 2*f, q = -a - 4*f + 11. Suppose -l + a = l - d, 45 = 4*l - 5*d. What is the tens digit of l?
1
Suppose 168*c - 1784300 - 3563308 = 0. What is the hundreds digit of c?
8
What is the thousands digit of 18/12 - ((-328167)/18 + 6)?
8
Suppose -3696 = 16*a - 20*a. Let m = a + -533. What is the hundreds digit of m?
3
Suppose 21*x - 41*x + 259000 = 15*x. What is the tens digit of x?
0
Let a(s) be the first derivative of s**4/6 + s**3/3 - 5*s**2 + 9*s + 17. Let x(y) be the first derivative of a(y). What is the tens digit of x(-5)?
3
Let p be 5290/15*36/12. Suppose 25*o - p = 6467. What is the units digit of o?
1
Let y = 39 + -51. Let r(j) = -38*j**3 + 5*j**2 - 9*j**2 + 10*j - 7*j**2 + 37*j**3. What is the tens digit of r(y)?
2
What is the hundreds digit of -19*(-18)/1026 + (-17560)/(-6)?
9
Let h = -51 - -53. Suppose -a - 4 = 0, 3*c + h*a - 3575 = 4*a. What is the tens digit of c/7 + 4/28?
7
Let r(c) be the first derivative of -c**4/4 - 17*c**3/3 + 17*c**2/2 + 23*c - 20. Let g be r(-17). Let b = -115 - g. What is the units digit of b?
1
Let a = 193 - 194. What is the hundreds digit of (a/(-4))/((-53)/(-146068))?
6
What is the thousands digit of (-1)/21 + (-27815128)/(-3927)?
7
Let i be (672/(-72))/((-2)/(-1299)). Let p = -4214 - i. What is the units digit of p?
8
Suppose 3*z = 689 + 676. Suppose 2*l = -3*l + z. Let i = l + -57. What is the tens digit of i?
3
Let k(j) be the second derivative of -44*j**3/3 + 141*j**2/2 + 23*j + 5. What is the tens digit of k(-6)?
6
Let b be 3 + 2 - 1 - (-115 - 2). Suppose 3*w = -6*w + 171. What is the units digit of b + w + (-6)/2?
7
Suppose -t + 2*p = -17, -p + 23 = 8*t - 4*t. Suppose -699 = 4*k - t*k. What is the hundreds digit of k?
2
Let z = 1626 + -549. Let h = z + -258. What is the tens digit of h?
1
Let i(n) = -n**2 - 12*n + 1. Let x be i(-7). Suppose -2*g - x = -g - 2*d, -236 = 5*g + 4*d. Let c = 68 + g. What is the tens digit of c?
2
Let v(l) be the second derivative of -l**4/6 + 4*l**3/3 - 13*l**2 + 7*l. Let w(i) = i**2 - 4*i + 13. Let d(k) = 2*v(k) + 5*w(k). What is the tens digit of d(5)?
1
Suppose 0 = o - 3*y - 15703 - 21373, 0 = -5*o - 5*y + 185300. What is the units digit of o?
4
Suppose -11*y = -141 - 277. Suppose -y*a = -22*a - 23872. What is the hundreds digit of a?
4
Suppose 6912 = p - r - 4414, r = 3*p - 33978. What is the tens digit of p?
2
Let j = 8240 - 8234. Let m be -1*1054 - (1 - 2). What is the tens digit of (-4)/(-8) - 1/(j/m)?
7
Suppose -49*i + 32*i + 48280 = 0. What is the hundreds digit of i?
8
Suppose -2271849 - 1182351 = -72*w. What is the ten thousands digit of w?
4
What is the thousands digit of (-21 - (-602463)/187) + (-3)/(-11)?
3
Let y(l) = -11*l + 8. Let m be y(7). Let q = -66 - m. Suppose q*s = -i - 1, -3*i + 5*s - 2 = -13. What is the units digit of i?